actor of 1920 and 120?
120
Calculate the greatest common factor of 200 and 3375.
25
Calculate the greatest common divisor of 13 and 816647.
13
Calculate the highest common factor of 151047 and 18.
9
Calculate the highest common divisor of 2526342 and 1092.
546
Calculate the greatest common factor of 263 and 226969.
263
What is the greatest common factor of 43928 and 76?
76
Calculate the highest common factor of 3168 and 160704.
288
Calculate the highest common divisor of 87493 and 84.
7
What is the greatest common factor of 5185 and 37655?
85
Calculate the greatest common divisor of 1169138 and 83.
83
Calculate the highest common factor of 21150 and 45900.
450
What is the highest common factor of 2465 and 4981?
17
What is the highest common divisor of 6 and 80343?
3
What is the highest common divisor of 147 and 13449?
3
What is the greatest common factor of 776 and 115139?
97
Calculate the highest common factor of 3 and 75687.
3
Calculate the highest common divisor of 9362161 and 227.
227
What is the greatest common divisor of 22 and 245542?
22
What is the greatest common factor of 24628 and 752?
188
What is the greatest common divisor of 30602 and 1066?
26
What is the highest common factor of 36475 and 460?
5
Calculate the greatest common factor of 2035316 and 92.
92
What is the greatest common divisor of 3432 and 99?
33
What is the greatest common factor of 1057573 and 11?
11
Calculate the highest common factor of 246924 and 132.
12
Calculate the highest common divisor of 8950 and 32936.
358
Calculate the highest common factor of 32 and 35824.
16
Calculate the greatest common divisor of 24 and 1648260.
12
What is the highest common factor of 5200 and 263380?
260
What is the greatest common factor of 1164 and 3676494?
582
What is the greatest common factor of 500 and 1188?
4
Calculate the highest common factor of 80 and 53944.
8
What is the highest common factor of 28165 and 1179?
131
What is the highest common factor of 133 and 9234?
19
Calculate the highest common divisor of 30 and 19755.
15
Calculate the greatest common factor of 869 and 3014561.
869
What is the greatest common divisor of 57152 and 192?
64
What is the greatest common divisor of 2817959 and 29?
29
Calculate the greatest common factor of 219645 and 63.
9
Calculate the highest common divisor of 838733 and 147.
49
Calculate the highest common divisor of 68 and 21947.
17
What is the highest common divisor of 672 and 140896?
224
Calculate the greatest common factor of 10 and 1525390.
10
What is the highest common divisor of 26 and 1864174?
26
Calculate the greatest common factor of 1052 and 198302.
526
What is the highest common factor of 673585 and 1628?
407
Calculate the highest common factor of 135 and 375.
15
Calculate the highest common divisor of 22052 and 3427.
149
What is the greatest common divisor of 9378 and 233929?
521
Calculate the highest common divisor of 6764 and 2204.
76
What is the highest common divisor of 1342494 and 972?
162
What is the greatest common factor of 8234 and 20048?
358
What is the greatest common divisor of 26755 and 15?
5
What is the greatest common divisor of 10295 and 21655?
355
Calculate the greatest common divisor of 21 and 4172.
7
Calculate the highest common factor of 97923 and 147.
21
Calculate the greatest common factor of 99294 and 13.
13
What is the greatest common factor of 2208 and 154905?
69
What is the greatest common factor of 63 and 98721?
63
Calculate the highest common divisor of 48 and 127812.
12
What is the greatest common divisor of 19 and 308180?
19
Calculate the highest common factor of 1241 and 128452.
17
Calculate the highest common factor of 2952 and 15867.
369
What is the highest common factor of 68059 and 29?
1
What is the highest common divisor of 306042 and 66?
66
Calculate the highest common divisor of 29249 and 308.
11
What is the highest common divisor of 1456 and 19936?
112
What is the greatest common divisor of 81160 and 20?
20
What is the highest common factor of 29367 and 9?
9
Calculate the highest common factor of 477 and 29.
1
What is the highest common divisor of 7169 and 3959?
107
Calculate the highest common divisor of 19870 and 7010.
10
Calculate the greatest common divisor of 639 and 789.
3
Calculate the greatest common divisor of 1373 and 83.
1
What is the greatest common divisor of 304 and 5644824?
152
What is the highest common divisor of 702429 and 42?
21
What is the highest common factor of 27741 and 9?
3
What is the highest common divisor of 2210 and 1472965?
1105
What is the greatest common factor of 108 and 4176?
36
What is the greatest common factor of 143 and 1518218?
13
What is the highest common divisor of 580120 and 280?
40
Calculate the highest common divisor of 561428 and 28.
28
Calculate the greatest common factor of 1150222 and 152.
38
Calculate the highest common divisor of 283911 and 1515.
303
What is the greatest common factor of 198 and 863654?
22
What is the highest common divisor of 53878 and 632?
158
Calculate the highest common factor of 132617 and 269.
269
What is the greatest common factor of 411 and 7428?
3
What is the highest common divisor of 726 and 317658?
66
Calculate the greatest common divisor of 778415 and 440.
55
Calculate the greatest common divisor of 434 and 5439105.
217
Calculate the highest common divisor of 380 and 84493.
19
Calculate the greatest common factor of 176 and 133856.
16
Calculate the greatest common factor of 13468 and 29939.
91
Calculate the greatest common divisor of 322 and 11851.
7
What is the highest common factor of 13563 and 5841?
99
What is the highest common factor of 1843 and 3078?
19
What is the greatest common factor of 615 and 38499?
123
Calculate the highest common divisor of 314811 and 57.
57
Calculate the greatest common divisor of 1008200 and 3905.
355
What is the greatest common factor of 4141 and 1763?
41
What is the greatest common factor of 192545 and 1191?
397
Calculate the highest common factor of 75609 and 7254.
279
Calculate the highest common divisor of 93 and 3.
3
What is the highest common factor of 49728 and 504?
168
Calculate the highest common factor of 116245 and 27413.
347
What is the highest common divisor of 29407 and 49?
7
Calculate the greatest common divisor of 33976 and 186.
62
What is the greatest common factor of 1178734 and 87?
29
Calculate the greatest common divisor of 92 and 215717.
23
What is the greatest common divisor of 58301 and 214332?
337
What is the greatest common factor of 1092 and 142116?
156
What is the greatest common factor of 79500 and 11250?
750
What is the greatest common divisor of 722620 and 60?
20
What is the highest common factor of 2058590 and 4170?
1390
What is the highest common divisor of 7030 and 380?
190
Calculate the highest common divisor of 756224 and 112.
112
What is the greatest common factor of 60 and 98952?
12
Calculate the greatest common factor of 1290429 and 84.
21
What is the highest common factor of 22042 and 6?
2
Calculate the highest common factor of 1785 and 76160.
595
Calculate the greatest common divisor of 390948 and 36.
12
What is the highest common factor of 27 and 2141352?
9
Calculate the greatest common divisor of 561963 and 57.
57
What is the greatest common divisor of 13800 and 322?
46
What is the greatest common factor of 438100 and 26?
26
Calculate the greatest common factor of 1820556 and 17496.
972
Calculate the greatest common divisor of 165 and 346515.
15
Calculate the greatest common factor of 1905 and 3405.
15
What is the greatest common factor of 1541 and 920?
23
What is the greatest common factor of 11711 and 9114?
49
Calculate the greatest common factor of 521 and 571537.
521
What is the greatest common divisor of 38 and 686869?
19
Calculate the greatest common divisor of 109539 and 45.
9
Calculate the highest common factor of 7029 and 54868.
11
Calculate the highest common divisor of 641495 and 170.
85
What is the highest common divisor of 21 and 20601?
21
What is the highest common factor of 16003 and 273?
13
Calculate the highest common divisor of 481559 and 221.
221
What is the highest common divisor of 7637713 and 89?
89
What is the greatest common factor of 151 and 181653?
151
Calculate the greatest common divisor of 22 and 174502